 prime factors of 1003056?
2, 3, 20897
What are the prime factors of 4420698?
2, 3, 739, 997
What are the prime factors of 32920817?
1913, 17209
What are the prime factors of 18381?
3, 11, 557
What are the prime factors of 32312074?
2, 107, 150991
List the prime factors of 499782.
2, 3, 31, 2687
List the prime factors of 2936213.
7, 419459
What are the prime factors of 275003?
275003
List the prime factors of 2933940.
2, 3, 5, 107, 457
List the prime factors of 2193894.
2, 3, 121883
List the prime factors of 2488167.
3, 11, 41, 613
What are the prime factors of 3752?
2, 7, 67
What are the prime factors of 1890814?
2, 31, 30497
What are the prime factors of 1266656?
2, 23, 1721
What are the prime factors of 1051687?
7, 13, 127
What are the prime factors of 777371?
7, 111053
What are the prime factors of 1833302?
2, 916651
What are the prime factors of 898959?
3, 299653
List the prime factors of 81053.
7, 11579
List the prime factors of 80240.
2, 5, 17, 59
List the prime factors of 4037652.
2, 3, 19, 5903
What are the prime factors of 2033011?
31, 65581
What are the prime factors of 371537?
79, 4703
List the prime factors of 33400.
2, 5, 167
What are the prime factors of 15662423?
7, 17, 131617
List the prime factors of 66452.
2, 37, 449
What are the prime factors of 4503347?
43, 104729
List the prime factors of 29632.
2, 463
List the prime factors of 2704471.
7, 11, 31, 103
What are the prime factors of 6957606?
2, 3, 1159601
List the prime factors of 3209808.
2, 3, 7, 41, 233
What are the prime factors of 10549523?
61, 163, 1061
What are the prime factors of 569635?
5, 11, 10357
List the prime factors of 8267636.
2, 13, 158993
List the prime factors of 252360.
2, 3, 5, 701
What are the prime factors of 9847157?
9847157
What are the prime factors of 6091306?
2, 13, 234281
What are the prime factors of 777273?
3, 7, 37013
What are the prime factors of 2967785?
5, 31, 41, 467
What are the prime factors of 10264969?
11, 13, 23, 3121
List the prime factors of 273693.
3, 7, 13033
What are the prime factors of 12776024?
2, 71, 83, 271
List the prime factors of 11542095.
3, 5, 28499
What are the prime factors of 27001077?
3, 47, 191497
What are the prime factors of 8428938?
2, 3, 7, 200689
List the prime factors of 1253817.
3, 139313
What are the prime factors of 1037346?
2, 3, 23, 7517
What are the prime factors of 731522?
2, 11, 41, 811
What are the prime factors of 123060?
2, 3, 5, 7, 293
List the prime factors of 9715540.
2, 5, 485777
What are the prime factors of 16548942?
2, 3, 2758157
What are the prime factors of 8575449?
3, 2858483
List the prime factors of 2618033.
11, 29, 283
List the prime factors of 3592381.
13, 276337
What are the prime factors of 2838482?
2, 163, 8707
What are the prime factors of 2148888?
2, 3, 7, 12791
List the prime factors of 5419164.
2, 3, 307, 1471
List the prime factors of 7942751.
23, 151, 2287
What are the prime factors of 1739782?
2, 11, 31, 2551
What are the prime factors of 1607647?
19, 191, 443
List the prime factors of 253850.
2, 5, 5077
List the prime factors of 398391.
3, 7, 61, 311
What are the prime factors of 1065173?
1065173
What are the prime factors of 14437274?
2, 7218637
What are the prime factors of 2698127?
1031, 2617
What are the prime factors of 229236?
2, 3, 7, 2729
What are the prime factors of 425081?
103, 4127
What are the prime factors of 2571?
3, 857
What are the prime factors of 467580?
2, 3, 5, 7793
What are the prime factors of 11377504?
2, 19, 18713
What are the prime factors of 659116?
2, 41, 4019
What are the prime factors of 45159?
3, 15053
What are the prime factors of 831545?
5, 11, 13, 1163
List the prime factors of 1532205.
3, 5, 79, 431
What are the prime factors of 10258310?
2, 5, 17, 60343
What are the prime factors of 10749899?
17, 632347
List the prime factors of 639342.
2, 3, 11, 3229
What are the prime factors of 1306690?
2, 5, 7, 11, 1697
List the prime factors of 654346.
2, 7, 11, 607
What are the prime factors of 216303?
3, 72101
What are the prime factors of 3980871?
3, 442319
List the prime factors of 258461.
7, 36923
List the prime factors of 4180682.
2, 11, 190031
What are the prime factors of 81393?
3, 13, 2087
List the prime factors of 105330.
2, 3, 5, 3511
What are the prime factors of 478002?
2, 3, 7, 19, 599
What are the prime factors of 398016?
2, 3, 691
What are the prime factors of 3667084?
2, 916771
List the prime factors of 16750891.
191, 87701
List the prime factors of 13276727.
23, 577249
What are the prime factors of 1166594?
2, 11, 13, 4079
What are the prime factors of 1955030?
2, 5, 7, 11, 2539
List the prime factors of 133863.
3, 44621
What are the prime factors of 1453677?
3, 151, 3209
List the prime factors of 1167763.
1167763
List the prime factors of 27747639.
3, 3083071
List the prime factors of 2220588.
2, 3, 29, 709
List the prime factors of 24524.
2, 6131
What are the prime factors of 1442116?
2, 13, 27733
List the prime factors of 158815.
5, 23, 1381
What are the prime factors of 3176492?
2, 11, 6563
List the prime factors of 371448.
2, 3, 7, 11, 67
List the prime factors of 708795.
3, 5, 19, 829
List the prime factors of 522554.
2, 227, 1151
What are the prime factors of 64013?
64013
What are the prime factors of 1198199?
103, 11633
What are the prime factors of 24556115?
5, 179, 27437
List the prime factors of 423937.
43, 9859
List the prime factors of 189115.
5, 109, 347
What are the prime factors of 846883?
23, 36821
What are the prime factors of 5897414?
2, 881, 3347
List the prime factors of 263899.
263899
List the prime factors of 109868.
2, 11, 227
What are the prime factors of 366397?
366397
List the prime factors of 550470.
2, 3, 5, 59, 311
What are the prime factors of 610840?
2, 5, 15271
List the prime factors of 580836.
2, 3, 97, 499
What are the prime factors of 1300386?
2, 3, 216731
List the prime factors of 15860306.
2, 7, 11, 181, 569
What are the prime factors of 310866?
2, 3, 197, 263
List the prime factors of 5240216.
2, 17, 53, 727
List the prime factors of 1571418.
2, 3, 67, 1303
List the prime factors of 1911181.
31, 61651
What are the prime factors of 247615?
5, 49523
What are the prime factors of 6407607?
3, 31, 68899
List the prime factors of 434000.
2, 5, 7, 31
List the prime factors of 300011.
43, 6977
List the prime factors of 27142581.
3, 9047527
List the prime factors of 950599.
13, 83, 881
What are the prime factors of 366710?
2, 5, 36671
List the prime factors of 458084.
2, 11, 29, 359
What are the prime factors of 6727786?
2, 13, 19, 13619
What are the prime factors of 6333166?
2, 7, 547, 827
List the prime factors of 18054411.
3, 6018137
List the prime factors of 269357.
11, 47, 521
List the prime factors of 13308683.
19, 131, 5347
List the prime factors of 1501909.
1501909
List the prime factors of 174151.
349, 499
List the prime factors of 57835.
5, 43, 269
What are the prime factors of 5579251?
71, 179, 439
List the prime factors of 170781.
3, 13, 29, 151
List the prime factors of 13000031.
11, 907, 1303
List the prime factors of 15139180.
2, 5, 7, 17, 6361
What are the prime factors of 1935151?
23, 84137
List the prime factors of 359240.
2, 5, 7, 1283
List the prime factors of 792819.
3, 137, 643
List the prime factors of 15608329.
11, 17, 19, 23, 191
What are the prime factors of 259546?
2, 7, 18539
What are the prime factors of 566917?
13, 43609
List the prime factors of 1489795.
5, 17, 1031
What are the prime factors of 39762?
2, 3, 47
What are the prime factors of 3437412?
2, 3, 11, 26041
What are the prime factors of 255109?
337, 757
What are the prime factors of 8517935?
5, 17, 23, 4357
List the prime factors of 1574297.
59, 26683
List the prime factors of 309567.
3, 19, 5431
List the prime factors of 846552.
2, 3, 7, 5039
List the prime factors of 692932.
2, 107, 1619
What are the prime factors of 2549072?
2, 313, 509
List the prime factors of 345857.
19, 109, 167
List the prime factors of 94679.
13, 7283
List the prime factors of 13765.
5, 2753
List the prime factors of 29460230.
2, 5, 29, 31, 113
List the prime factors of 792327.
3, 23, 11483
List the prime factors of 1742275.
5, 69691
List the prime factors of 10503228.
2, 3, 875269
What are the prime factors of 1324761?
3, 441587
Wh